7?
5
Let k(i) = -i**2 + 105 + 59 + i + 17 - 1. What is the units digit of k(0)?
0
Suppose -9 = 5*m - 8*m. Suppose m*g - 141 = -12. What is the tens digit of g?
4
What is the hundreds digit of 764 - (-3)/(-3 + 6)?
7
Let q(i) = -3*i**3 + 3*i**2 - 6*i - 4. What is the hundreds digit of q(-4)?
2
Suppose b - 60 = -2*b. Let z be ((-24)/b)/(4/(-60)). Suppose -z + 0 = -3*o. What is the units digit of o?
6
Suppose -3*i - 2*z - 20 = 0, -4*i + z - 28 = 3*z. Let j be 2/((-2)/i*-2). Let n = j + 19. What is the units digit of n?
5
Suppose -20*g + 4*g + 7520 = 0. What is the tens digit of g?
7
Let c(w) be the third derivative of -w**5/4 + w**4/24 + w**3 - 6*w**2. Let f(a) be the first derivative of c(a). What is the units digit of f(-1)?
1
Let i(k) = 3*k + 5. Let g = 0 - 0. Suppose g = -4*h + 16, 4*f = -4*h + 27 + 9. What is the units digit of i(f)?
0
Suppose 3*a + 58 - 3302 = h, -3*a + 4*h + 3238 = 0. What is the units digit of a?
2
What is the units digit of ((-2)/1)/((-8)/3660)?
5
Let v = 1109 - 1159. Suppose -3*n + 117 + 96 = 0. Let f = n + v. What is the units digit of f?
1
Let i(q) = -7*q**3 + 6*q**2 + 5*q + 42. What is the hundreds digit of i(-5)?
0
What is the tens digit of 344/12*(-60)/(-2)?
6
Suppose 8 = -4*x + 4*p, -2*p - 2*p = -2*x - 2. What is the units digit of 3 + -3 + 92 + x?
9
Let c be (1 + 14)*107/321. Let g = -6 - -11. Suppose c*m - g = 65. What is the tens digit of m?
1
Let q(g) = 2*g + 6. Let z be (-8)/(-10)*(-5 - (-15)/2). What is the units digit of q(z)?
0
Let k(z) = -52*z - 52. Let d be k(-6). Let m = d - 159. What is the units digit of m?
1
Let n(f) = 11*f + 32. Let g be n(12). Let r = g - 17. What is the units digit of r?
7
Let v(t) = 141*t - 1. Let f(o) = -o. Let a(l) = 3*f(l) - v(l). What is the hundreds digit of a(-1)?
1
Suppose 4*o + 13 = -m, -2*m + m + 11 = -4*o. What is the units digit of 1945/35 + o/(-7)?
6
Suppose 2*v = -4*p + 2, v - 2*p = 2*p + 1. What is the tens digit of v/4 - 4025/(-92)?
4
Suppose -3385 - 2558 = -7*a. What is the hundreds digit of a?
8
Let t = 9 + -11. Let h be (t + 3)/(1/9). Let w = h - -11. What is the tens digit of w?
2
Suppose 3*g - 81 = 3462. What is the thousands digit of g?
1
Suppose f - 5656 = -f + r, -3*f + 8483 = -2*r. What is the units digit of f?
9
Let k(d) = 3*d**2 - 14*d + 11. Let t(c) = -4*c**2 + 15*c - 12. Let s(h) = -5*k(h) - 4*t(h). What is the units digit of s(-15)?
8
What is the thousands digit of 13*((-35)/7 + 142)?
1
Suppose -w = -5*d - 2, 4*w + 5*d - 24 = 34. What is the tens digit of 5/((-15)/w) - -16?
1
Let d be 6*(1 - 2/4). Let c = -27 + 159. Suppose d*g = -g + c. What is the tens digit of g?
3
Let y be 2/(-7) + 222/42. Suppose y*x - 196 = -2*n - 0*n, x - 2*n - 32 = 0. What is the tens digit of x?
3
What is the thousands digit of (22520/8)/(20/8)?
1
Let v(k) = k**3 - 8*k**2 - 10*k + 12. Let g be v(9). Suppose 9*f = 4*f - 10, 0 = -3*p + g*f + 18. What is the units digit of 12/((32/20)/p)?
0
Suppose -10*u + 20 = -8*u. Suppose 9*j - u*j = 0. Suppose -2*g - 3 + 19 = j. What is the units digit of g?
8
Let t be (7/2)/((-1)/(-2)). Suppose 0 = 2*i - t*i. Suppose 2*v - 2*o - 145 = -7, i = -3*v + 5*o + 203. What is the tens digit of v?
7
Let m be 3564/60 - 4/10. Suppose 9*o - 166 - m = 0. What is the units digit of o?
5
Let y be 320/60 + (-1)/3. Suppose y*z - 636 = -z. What is the tens digit of z?
0
What is the units digit of 3 + 0/(-3) - 3492/(-4)?
6
Suppose 4*j + 1 = 3*o - 4, 0 = -5*j - 10. What is the units digit of 64 + -2 + (-3)/o?
5
Suppose 14*r = 2*r - 240. Let m(p) = -p**3 - 19*p**2 + 14*p + 21. What is the units digit of m(r)?
1
Let s(g) be the second derivative of 11*g**4/3 - g**3/2 - g**2/2 + 11*g. What is the tens digit of s(-1)?
4
Suppose 2*w - 11*j - 2894 = -9*j, 0 = -4*w - 2*j + 5776. What is the tens digit of w?
4
Suppose 0 = -2*x + 2*u + 3782, -23 + 24 = -u. What is the thousands digit of x?
1
Suppose 0 = 4*p - 2*p - 4*w + 40, 5*p = 3*w - 114. What is the tens digit of p/9*-15*2?
8
Suppose 0 = -4*h + 36 - 4. Let z be (3 - 6) + h*1. Let u = -2 + z. What is the units digit of u?
3
Let i be 12/((-3)/(-8)*4). Suppose -4 - i = -y. What is the units digit of y?
2
Let g = 4000 + -1904. What is the units digit of g?
6
What is the tens digit of (14 + 5548/(-57))/((-4)/246)?
2
Suppose -2*j - 729 + 3629 = 0. What is the thousands digit of j?
1
Let c = 0 - -28. Suppose 2*s - c = -2*s. Let o = s - 1. What is the units digit of o?
6
Let x(z) = z**2 - 2*z - 4. Let l = 15 + -17. Let b be x(l). Suppose 50 = b*n - 62. What is the units digit of n?
8
Let q(b) = b**3 + 9*b**2 - 9*b + 53. What is the tens digit of q(7)?
7
Let x(j) = j**2 + 3*j. Let q be x(-3). Suppose q = -z + 6*z + 205. Let u = 13 - z. What is the tens digit of u?
5
Let n = -6039 + 9827. What is the thousands digit of n?
3
Suppose -6*b - 18*b = -33288. What is the tens digit of b?
8
Let l(z) = 69*z**2 + 7*z + 13. What is the tens digit of l(-2)?
7
What is the hundreds digit of (-42 - -52)*2/12*363?
6
Let z be (-45)/(-5) + -3 + 2. Suppose -6 = -c + z. Let m = c - -6. What is the tens digit of m?
2
What is the hundreds digit of (-1 + 2)/((-2)/(-682))?
3
Suppose l = 2*f + 1, -3*l + 22 = f + l. Let t be 18/((-6)/2)*f. Let x = t - -22. What is the units digit of x?
0
Suppose -2*a + 2065 = 3*l, -4*a = 4*l + 220 - 2968. What is the tens digit of l?
9
Let r(j) = 2*j**2 - 10*j + 10*j**2 - 11 + j**3 + 2*j - 9*j. What is the units digit of r(-13)?
1
Let t(w) = -285*w - 875. What is the hundreds digit of t(-19)?
5
Let q(i) = 8*i**2 + 2*i - 26. Let j be (4 + 11/(-3))/((-1)/(-15)). What is the hundreds digit of q(j)?
1
Let g be (-252)/90 - (-1)/(-5). What is the hundreds digit of 314*1*g/(-6)?
1
What is the units digit of 71/((-3)/132*-4)?
1
Suppose -5*k = 2*w + w + 124, -k - w = 24. Let g = k + 31. What is the units digit of g?
5
What is the hundreds digit of 7 + (1 - 6) - (-435 + -1)?
4
Suppose 48*c = -5*l + 49*c + 18861, l = 3*c + 3775. What is the hundreds digit of l?
7
Suppose q + 2 = -3*g, 4*q = 15 + 1. Let r(c) = -10*c**3 - 5*c**2 - 3*c + 4. What is the tens digit of r(g)?
7
Suppose 229 = 5*r - 966. Let d = -155 + r. What is the tens digit of d?
8
Let i(x) = x**3 + 26*x**2 - 24*x - 54. What is the thousands digit of i(-23)?
2
Let t be -67 + (2/(-4)*0)/(-1). Let q = 27 - t. What is the units digit of q?
4
Let g = -3 - -3. Suppose -x + g*o = -3*o + 1, -3*o = -4*x + 5. Suppose x*r - 212 = -4*s, -4*r + 98 = 3*s - 71. What is the units digit of s?
1
Let r(g) = -2*g - 11. Let t be r(-17). Let m = -15 + t. What is the units digit of m?
8
Suppose -5 = -6*l + 25. Suppose 4*h + u - 168 = 4*u, -l*h + u + 221 = 0. What is the tens digit of h?
4
Let p = 27 - 18. Let m(n) = n**2 + 9*n - 11. Let v be m(p). Let s = v + -88. What is the units digit of s?
3
Suppose 167*q - 1683 = 164*q. What is the hundreds digit of q?
5
What is the tens digit of (3 - (4 + 0))/(2/(-1364))?
8
Suppose 3*j - 36 = -j. Let c = 12 - j. Suppose 4*u - q - 2*q + 3 = 0, -c*u + 3*q - 6 = 0. What is the units digit of u?
3
Let m = -5 - -9. Suppose -3*s = -m*s + 21. What is the units digit of s?
1
Let x(c) = -c**3 - 6*c**2 + 6*c + 5. Let s(g) = 5*g**3 + 29*g**2 - 30*g - 24. Let k(f) = -2*s(f) - 11*x(f). What is the tens digit of k(-8)?
4
Let x(i) = -i**3 + 16*i**2 + 18*i - 19. Let o be x(17). What is the tens digit of -1 - -2 - (-57 + o)?
6
Suppose -1 = 2*s - 9. Suppose -s*r + 72 = -148. What is the units digit of r?
5
Suppose -2*p = 4*k - 50, -5*k + 0*p + 4*p + 43 = 0. Suppose -l + k = -0*l. What is the tens digit of l?
1
Let j(r) = r**2 - 10*r + 6. Let p be j(10). Suppose 5*n + k + 5 = p*k, 3*k + 13 = -5*n. What is the units digit of ((-3 - -39) + n)/1?
4
Suppose -2 = c - 7, -121 = -3*k + c. What is the tens digit of k?
4
Let u = -11 - -16. Suppose 6 = u*v - 4. Suppose v*y + 90 = 5*y. What is the units digit of y?
0
Let r(d) = 2*d + 5. Let u be r(7). Let m be u + 0 - 0/(-4). Suppose 14 = p - m. What is the tens digit of p?
3
Let l = 87 - 85. Suppose z - 5*z + 4*n = -444, 225 = l*z - n. What is the tens digit of z?
1
Let t = 28 + -24. Suppose 104 + 36 = t*f. What is the tens digit of f?
3
Let n = 49 + -24. Suppose -2*d + 2*i - n = -233, -2*i = -4*d + 422. What is the units digit of d?
7
Let a(x) be the first derivative of -x**3/3 - 7*x**2/2 + 4*x - 3. Let v be a(-7). Suppo